 - 1. Let r be 2 + (2 - 36/4). Let h = r - -7. What is the units digit of b(h)?
3
Let v(t) = 3*t**3 - 5*t**2 + 3*t + 5. What is the hundreds digit of v(5)?
2
Let g(u) = -1. Let f(d) = -d + 20. Let x(v) = f(v) + g(v). What is the tens digit of x(0)?
1
Let k(q) = 2*q**2 - 6*q + 23. Let r be k(3). Suppose -r - 18 = -y. What is the tens digit of y?
4
Suppose 7*a - 2151 = 1713. What is the units digit of a?
2
What is the hundreds digit of (-22)/10*(-131 - -36)?
2
Suppose -5*p + 8 = -3*p. Suppose p*m - 4*n - 229 = -m, -2*n = -4*m + 182. Suppose -5*l = -60 - m. What is the units digit of l?
1
Suppose 2*n - 14*n + 19632 = 0. What is the units digit of n?
6
Let r(m) = -7*m - 13. Let n be r(-7). What is the tens digit of n/24 + 101/2?
5
Let z be (-3*4/(-6) - 3)*-3. Suppose -4*l + 287 = -z*m, -3*l + 105 = 3*m - 105. What is the tens digit of l?
7
Suppose 2*i - 881 + 4003 = 4*h, i = -2*h + 1559. What is the hundreds digit of h?
7
Let w = 3771 + -345. What is the units digit of w?
6
Suppose 0 = 82*p - 37*p - 56745. What is the tens digit of p?
6
Suppose -9*n - 2882 + 9902 = 0. What is the hundreds digit of n?
7
Suppose m + 55 = -41. Let g = -65 - m. What is the tens digit of g?
3
Let h(c) = 28*c - 1. Suppose -3 = -2*o - 1. Suppose 4*v - 3*v = o. What is the units digit of h(v)?
7
Let h = 1107 - -3764. What is the hundreds digit of h?
8
Suppose -11 = 5*z - 41. Suppose -3*h = -0*k + 3*k - z, 5*h = 5*k - 60. What is the tens digit of (-336)/k*(-1)/2?
2
Let z(m) be the first derivative of -m**4/4 - 8*m**3/3 + 3*m**2/2 - 12*m - 8. Let h be z(-9). Suppose 4*u - h = u. What is the tens digit of u?
1
Suppose 25 = -5*d, 0 = -n - 4*d + 6*d + 119. What is the hundreds digit of n?
1
Let u(x) be the third derivative of -x**6/120 + x**5/6 + 17*x**4/24 - 3*x**3/2 + 8*x**2. What is the tens digit of u(11)?
5
Let z(k) = -10*k + 36. Let y be z(-17). Let h = 306 - y. What is the hundreds digit of h?
1
Suppose -p - 317 = -2*p - 5*c, 4*p + 2*c - 1178 = 0. What is the hundreds digit of p?
2
Let w be (-4 - -7) + -1 + 11. Suppose 4*r = 4*t + 5 + 15, r = -2*t - w. Let a = 65 - t. What is the units digit of a?
1
Let j = 391 + -81. What is the units digit of j?
0
Suppose -8*y + 76 = -4*y. Suppose 15*d - y*d = -8. Suppose w = 4*f - 7, f - d = 4*w - 34. What is the units digit of w?
9
Let a = 43 + -16. Suppose 2 - a = -2*s - 3*b, 90 = 5*s + 2*b. What is the units digit of (-2)/(-7) - s/(-28)?
1
Suppose -2*r = r + 3*a + 15, -3*a - 11 = -r. Let h = -11 - r. What is the units digit of 6/(-4) - 275/h?
6
Let n = -175 + 289. What is the hundreds digit of n?
1
Suppose 4*u - 4*p = -4, -5*u = 3*p - 0*p - 27. Let v(d) = 6*d**3 - 3*d**2 - d + 4. What is the hundreds digit of v(u)?
1
Let i(v) be the second derivative of v**4/12 - v**3/3 - 3*v**2/2 - v. Let m(c) = -c**3 - 5*c**2 + 36*c - 2. Let p be m(-9). What is the units digit of i(p)?
5
Let t = 12 + -41. Let v = 78 + t. What is the tens digit of v?
4
Suppose -16*n = -18*n + 418. Suppose 1 - n = -2*q. What is the units digit of q?
4
Let n(f) be the first derivative of -f**2/2 + 7*f + 1. What is the tens digit of n(-6)?
1
Suppose -4*u = 53 - 2657. What is the hundreds digit of u?
6
Let d(l) = 2*l**2 - 10*l - 148. What is the tens digit of d(-45)?
5
Suppose -a = -5*n + 4968 + 2401, 0 = -4*n + 5*a + 5891. What is the thousands digit of n?
1
Let k(n) = 27*n + 12. Let d be k(-4). What is the units digit of (39/(-6)*1)/(6/d)?
4
Suppose 0 = -j + 3*i + 1104, 1107 = j + 7*i - 11*i. What is the units digit of j?
5
Suppose 1354 = 7*h + 395. Suppose r = 5*i + h, 0 = -4*r - 3*i - 139 + 710. What is the hundreds digit of r?
1
Suppose x + 0*x - 39 = 0. Let k be (x/(-9))/((-3)/9). What is the units digit of (-3 + 4)*k/1?
3
Let r be (0 + 5)*28/(-20). Let n = 0 + -6. Let b = n - r. What is the units digit of b?
1
Suppose -2*v = -n - 133, -4*n = 2*v - n - 129. Suppose -6 = 2*i, 4*i - 1 = 3*k - 25. Suppose -k*z + v = -z. What is the units digit of z?
2
Suppose -2*o - 2*o = 0. Suppose 0 = -5*n + 10, 5*w - n - 4*n + 20 = o. Let k(d) = -10*d + 3. What is the tens digit of k(w)?
2
Let w(m) = -467*m - 31. What is the units digit of w(-1)?
6
Let o(f) = -f**2 + 17*f + 17. Let y be o(18). Let i = y - -7. Suppose -9*d = -12*d + i. What is the units digit of d?
2
Let w be 18/(3 + 52/(-20)). Let q(f) = w + 6*f + 6*f**2 - 76 + f**3 + 37. What is the tens digit of q(-4)?
1
Let a(y) = 3*y**2 + 69*y - 285. What is the units digit of a(-32)?
9
Let g be (-3 - (-20)/8)/(2/(-2184)). Suppose 0 = 7*f - 0*f - g. What is the tens digit of f?
7
Suppose 5*r = 2*r. Let i(z) = -z**3 - z**2 + 10. Let l be i(r). What is the units digit of (-4)/10 + 114/l?
1
Let z(s) = s - 5. Let u be z(5). Suppose -3*f - f = 5*j - 827, f + 2 = u. Suppose -27 = -v - 3*m, -4*v = v - m - j. What is the units digit of v?
3
Let x(c) be the second derivative of 5*c**3/6 - 17*c**2/2 + 3*c. What is the tens digit of x(15)?
5
Let c = -34 - -36. Suppose 2*m - 4*v = 418, -3*m = c*v - v - 592. What is the units digit of m?
9
Let j(u) = -u - 11. Suppose 5*h + 8 = -27. Let x be j(h). Let b = x - -22. What is the tens digit of b?
1
Suppose r = -4, 0 = -3*p + 2*p - 2*r + 196. Suppose 5*w = -p + 654. What is the units digit of w?
0
Suppose 16*d - 118121 = -25*d. What is the hundreds digit of d?
8
Let u = 5 + -6. Let r = u - -1. Suppose -6*f + 5*f + 30 = r. What is the tens digit of f?
3
Suppose -2*t + 32 = 4*p + 3*t, -t = -p + 8. Suppose 3*y - 37 = p. Suppose -4*w = -5*h - y - 48, -2*w + h = -27. What is the tens digit of w?
1
Let q(t) = t + 22. Let k be q(-18). What is the tens digit of k + (52 - 4) + 0?
5
What is the units digit of (7 - -6)/52*8508?
7
Suppose 4*b + 5*u - 14 = 4*u, 0 = -2*b - 2*u + 10. Suppose -b*h - 3*h = -534. What is the units digit of h?
9
Let f be 93/(-2) - 1/2. Let x = f + 112. What is the units digit of x?
5
Suppose 0 = 12*l - 16*l + 28. What is the units digit of l?
7
Let u = 141 + -93. Let t = u - 34. What is the tens digit of t?
1
Suppose 0 = -5*y + 26 - 6, 3*y + 1248 = 2*a. What is the units digit of a?
0
Let t(j) = -j**2 - 7*j + 1. Let p be t(-7). Let c = 7 + p. What is the units digit of c?
8
Let n(p) = 2*p**2 + 36*p + 53. What is the hundreds digit of n(-28)?
6
Let h be -2*293/(-4)*2. Let i = h - 196. What is the units digit of i?
7
Let v(r) = r**3 - 4*r**2 + 2*r + 9. What is the units digit of v(6)?
3
Let c(z) = 20*z**3 + 2*z**2 + 18*z - 33. What is the units digit of c(3)?
9
Suppose j + 15 = -4. Suppose 31 = x - 2*x - 5*o, 0 = 4*o + 20. Let l = x - j. What is the units digit of l?
3
Let x(p) = 108*p**2 - 1. Let a(s) = s**2 - 26. Let z be a(-5). What is the tens digit of x(z)?
0
Let b be -21*(-2 - 16/(-12)). Let r be 4/(-14) + 270/b. Suppose 2*y - 3*y + r = 0. What is the units digit of y?
9
Suppose 632 = 108*a - 100*a. What is the tens digit of a?
7
Let c be 53 - (-1 - 0 - 2). Let g be 1 - (3 + (c - -2)). Let k = g - -87. What is the units digit of k?
7
Let j = -19 + 16. Let p(m) = m**2 - m - 1. Let u be p(j). Suppose -u*q = -7*q - 36. What is the units digit of q?
9
Let z = -191 + 355. Suppose -5*s + 728 = -0*f - 2*f, -5*f - z = -s. What is the units digit of s?
4
Suppose 0 = 6*m - m - 20. Suppose 0*p - 5*p - 12 = k, -m*k + 5*p - 148 = 0. What is the tens digit of ((-18)/8)/(3/k)?
2
Suppose -j + 3*h - 5 = -3*j, 2*j + 1 = 3*h. Let f = 10 - j. Let i(t) = -t**3 + 10*t**2 - 7*t - 2. What is the units digit of i(f)?
6
Let r(d) = 3*d**3 + 6*d**2 + 19*d - 13. What is the units digit of r(5)?
7
Let b be 2705/10 + 3 + 1/(-2). Suppose 0*m - 439 = -5*m + 2*t, 3*m = -2*t + b. What is the units digit of m?
9
What is the units digit of (-22)/10 - (-7)/35 - -649?
7
Let h be (-10101)/(-15) - 4/10 - 1. Suppose -a + h = 2*a. What is the units digit of a?
4
Let z = 48 - 58. What is the hundreds digit of ((-14544)/30)/(-2) + 4/z?
2
Let l = 51 + -49. Suppose -4*g - 112 = -l*w, 5*w + 3*g = 2*g + 313. What is the tens digit of w?
6
Let l = -1022 + 1479. Suppose -5*z = 15, -5*z - 418 = -4*y + l. What is the hundreds digit of y?
2
Let s(k) = 3*k**2 + 8*k + 10. Let j(u) = -3*u**2 - 7*u - 9. Let h(t) = 2*j(t) + 3*s(t). What is the units digit of h(-8)?
4
Suppose -5*x - 22 = -2, -5*b + 2*x = 982. Let k = 47 - b. Suppose -4*m + 9*m - k = 0. What is the tens digit of m?
4
Let n be 6 - 0/(-2 + -2 + 6). Suppose 595 = 